ctors of p(-32)?
19, 23
List the prime factors of 2415 + -7 - (2 - -2).
2, 601
Suppose 4*a - 5*v - 6 - 9 = 0, 0 = 5*a - v - 3. Suppose a = i - 14 - 47. What are the prime factors of i?
61
Suppose -o + 24 = 3*o. Suppose q - 232 = 158. Suppose o*d = q - 78. List the prime factors of d.
2, 13
Suppose 26*u + 51*u - 5360985 = 14*u. List the prime factors of u.
3, 5, 31, 61
Let f(q) = 17*q + 12. Let m be (-6 + (-96)/(-18))/(4/(-90)). Let r be ((-23)/(-2) - -2)*10/m. What are the prime factors of f(r)?
3, 5, 11
Let k(j) = -j**3 - 20*j**2 + 7*j - 45. Let b(v) = -2*v**2 + 1. Let w(c) = 5*b(c) - k(c). List the prime factors of w(-8).
2, 3, 13
Suppose 898720 = 194*x - 34*x. List the prime factors of x.
41, 137
Suppose -4778*c = -4774*c + 4*d - 113452, 4*d + 85152 = 3*c. List the prime factors of c.
2, 41, 173
Let u = 13 + -5. Let g be (-2)/(u/(-12)) - -4. List the prime factors of g*((-3)/6*0 - -11).
7, 11
Let d(h) = -6*h - 18. Let f(m) = -m + 5. Let n be f(-5). Let x(w) = -w**3 + 10*w**2 - 5*w + 35. Let s be x(n). What are the prime factors of d(s)?
2, 3
Let m be (10/3 - -2)/(72/(-108)). Let q(t) = -2*t**2 + 1 + 9*t + 5*t**2 + 7. List the prime factors of q(m).
2
Let m = -14 - -36. Let v = 10 - m. What are the prime factors of (v - 3)*6/3*-1?
2, 3, 5
Suppose 0 = -3*p + 3*t + 1197, -6*t + 3*t = 3*p - 1191. Let a = 4078 + -4269. Let c = a + p. List the prime factors of c.
3, 23
Let k(w) = w**2 + 5*w - 5. Let v be k(-7). Let a be -1*(2 + 1)*(-3)/v. List the prime factors of (a - 4)*((-304)/12 + 5).
61
Let y = 89 + -87. Suppose -5*j - 454 = -y*m, -3*m + 2*j + 700 = 4*j. What are the prime factors of m?
2, 29
Suppose 10*h - 7*h = 15. Suppose -2 + 32 = -h*v. What are the prime factors of (-17 - 2)*(-5 - v - 4)?
3, 19
Suppose -11*q = 13418 - 101935. List the prime factors of q.
13, 619
Suppose 159 = -5*z - 411. List the prime factors of (1311/z)/((-1)/2).
23
List the prime factors of (-6)/(((-14)/(-77))/(-1)) - 8.
5
Suppose -5*t + 236 = 4*h - t, -2*h = -4*t - 136. Suppose 2*g + 54 + 62 = 4*u, 0 = -5*u + 5. Let x = h - g. List the prime factors of x.
2, 59
Let a(n) = 15*n**3 - 2*n**2 + 6*n + 2. Let r be a(5). Suppose -471 + r = 6*y. List the prime factors of y.
3, 7, 11
Suppose -5*l - v - 7 = 0, -l = 11*v - 6*v - 13. What are the prime factors of (-887)/l + (-48)/32?
2, 13, 17
Let a be (2 - (-14)/(-6)) + 52/39. Let z(y) = 31*y - 5 + 2*y + 7 + 53*y. What are the prime factors of z(a)?
2, 11
Let n = -20 + 49. Suppose n*t - 28*t = 303. What are the prime factors of t?
3, 101
Let p be (-1)/(-2) - 546/(-4). Suppose -4*m + 160 = 5*g - 721, -4*m - 2*g = -878. Let w = m - p. List the prime factors of w.
2, 41
Suppose -4*z + 4*b = -7*z + 1056, 0 = -3*z - 3*b + 1056. Let s = z + -175. List the prime factors of s.
3, 59
Let s(h) = -5*h - 95. Let m be s(-20). Suppose 0 = m*u - 2497 - 1328. List the prime factors of u.
3, 5, 17
Suppose -4*i - 26809 = -o, -371*i + 367*i + 53534 = 2*o. What are the prime factors of o?
3, 79, 113
Let x = 41 + -112. Let q = x + 80. Suppose q*n + 227 = 839. List the prime factors of n.
2, 17
Suppose -60777 - 163542 = -3*n - z, -4*n + 299087 = 3*z. List the prime factors of n.
2, 7, 109
Let s(t) = -t**2 - 3*t + 459. Let g = 28 + -28. List the prime factors of s(g).
3, 17
Let h(v) = 5*v - 3. Let w be h(1). What are the prime factors of 6 - -4*(w + -1)?
2, 5
Let u = 1687 + 2162. What are the prime factors of u?
3, 1283
Let s(i) = i - 12. Let l be s(14). Suppose 5*y + l*j + 60 = -26, 2*y + 30 = -3*j. What are the prime factors of 262/6 - 6/y?
2, 11
Suppose 5*f = 1 + 19, -2*b + f - 280 = 0. Let g = b + 216. What are the prime factors of g?
2, 3, 13
Suppose -120288 = 164*r - 170*r. List the prime factors of r.
2, 7, 179
Suppose 0*f = -2*f + 530. Suppose 4*g = -3*t - 60, 5*g - 9 = -5*t - 84. List the prime factors of 1*-3*f/g.
53
Let d(u) = 281*u**2 + 7*u - 7. Let t be (-4 - (-25)/6)/(1/6). List the prime factors of d(t).
281
Suppose -314 - 226 = -15*x. What are the prime factors of (1962/9)/(8/x)?
3, 109
Suppose -4*s - 1076 = 1240. Let o = s - -960. List the prime factors of o.
3, 127
Let i(w) = 230*w**2 + 284*w - 1466. List the prime factors of i(5).
2, 23, 31
List the prime factors of (-6)/17 + (-342258048)/(-5508).
2, 31069
Let j = 37 - 7. Suppose -5*q + 2836 = 4*u, j*u + 1712 = 3*q + 35*u. What are the prime factors of q?
2, 3, 47
Let j(z) = -9*z**3 - 14*z**2 - 35*z - 133. List the prime factors of j(-9).
71, 79
Let f(s) be the first derivative of -4*s - 16 + 4*s**3 + 4*s**2 + 1/4*s**4. What are the prime factors of f(-10)?
2, 29
Let c = -171 + 694. What are the prime factors of c?
523
Let m(j) = -7*j**2 + j**2 + 33 + 5*j**2 + 2*j**2 - 5*j - 5*j. List the prime factors of m(7).
2, 3
Let p(d) = -7*d**3 - 5*d**2 - 5*d - 4. Let h be p(-4). Suppose -8*w + h = -4*w. Suppose -3*u - 31 = -l - 7, 5*u = 4*l - w. What are the prime factors of l?
2, 3
Let q(v) = 102*v + 0 - 100*v + 3 + 301*v**2. List the prime factors of q(-1).
2, 151
Let q(w) = 143*w**3 - 7*w**2 + 276*w - 1630. List the prime factors of q(6).
2, 15331
Suppose -71*i + 1296 = -17*i. Suppose i*k = -5*k + 37961. List the prime factors of k.
7, 11, 17
Let f(h) = -5*h - 6. Let r be f(-3). Suppose r*s - 99 = 6*s. Suppose s = 2*g - 193. What are the prime factors of g?
113
Let h = 158 - 158. Suppose -3*a + 1600 + 860 = h. What are the prime factors of a?
2, 5, 41
Suppose -9*j = 10 + 53. Let y(h) = h**3 + 8*h**2 + 5*h + 21. List the prime factors of y(j).
5, 7
Let a = -46 - 19. Let v be (-5)/((-75)/20) - 1590/(-9). Let c = v + a. What are the prime factors of c?
113
Let z(u) = -120*u + 0 - 5 - 3 - 1. What are the prime factors of z(-3)?
3, 13
Let z = -2109 - -13538. What are the prime factors of z?
11, 1039
Suppose -6*w - 66 = -3*w. What are the prime factors of (1 - 1560/(-2)) + 20 + w?
19, 41
Let t = 2350 + 4052. List the prime factors of t.
2, 3, 11, 97
Let z be (-3 - 155/(-55)) + (-14)/(-77). What are the prime factors of ((1 - 5) + z)*-133?
2, 7, 19
Suppose -26*l + 31*l + 18489 = 4*u, -2*l - 4623 = -u. List the prime factors of u.
4621
Let g = 62676 + -19594. List the prime factors of g.
2, 13, 1657
Suppose 10*a - 17*a = -28. Let q(z) = 4*z**2 - z - 2. Let h be q(-1). Suppose -4*p = a*o - 192, -h*o + p - 5 = -133. List the prime factors of o.
2, 11
Suppose -11*n + 17567 = -1837. Let u = n + -965. What are the prime factors of u?
17, 47
Let c(m) = -436*m**3 + 9*m**2 + 16*m - 9. What are the prime factors of c(-2)?
3, 43
Suppose -4*o = -4*z - 2828, 0 = -0*o + 5*o + 3*z - 3511. Suppose -a + 2855 = 4*k, -6*k + 7*k - o = 3*a. List the prime factors of k.
23, 31
Suppose 10*m + 52 = 11*m. Let d(f) = m*f + 3 + 1 + 0. List the prime factors of d(2).
2, 3
Let s(c) = -16 - 14 + 3*c + c - 4. Let j be s(6). List the prime factors of (8/j)/((-31)/775).
2, 5
Let w = 8 + -6. Let f = -593 - -578. What are the prime factors of (14 - 16)*f/w?
3, 5
What are the prime factors of 149218/26 - 94/611?
3, 1913
Let a be (-414)/322 + (-2)/(-7). List the prime factors of 227 + -221 - (-17)/a*-17.
5, 59
Let u(a) = -3*a**3 + 110*a**2 - 38*a + 74. List the prime factors of u(34).
2, 5, 11, 73
Suppose -7*n = 2 + 12. Let h(q) = 21*q**3 + q**2 + 2*q - 1. Let y be h(n). Let w = y + 295. What are the prime factors of w?
2, 3, 7
Suppose 2*o - 10508 = -4*d, 15*o + 2*d = 13*o + 10506. List the prime factors of o.
2, 13, 101
Suppose -18*v - 30 = -102. Suppose -2*a + v*p = -3256, 0 = 3*a + 2*p - 32 - 4852. What are the prime factors of a?
2, 11, 37
Let i = -411 + 1012. Suppose -9*w + i = -290. What are the prime factors of w?
3, 11
Let c = -15 + 17. Let p be (c - 4) + (-3 - (-2 - 6)). Let o(i) = 46*i + 4. What are the prime factors of o(p)?
2, 71
Let d(r) = 42479*r - 146. What are the prime factors of d(1)?
3, 103, 137
Suppose 0 = b - 3*b + o + 447, -3*o - 211 = -b. Suppose -b = -2*u + 384. Suppose l = 4*w + 50, -l + u = 3*l + 5*w. What are the prime factors of l?
2, 5, 7
Suppose 3*m + 176 = -m. Let p = m + 44. Suppose -i + 47 = -4*z, p = -3*i - 2*i + 4*z + 267. What are the prime factors of i?
5, 11
Let p(x) = -x**3 + 13*x**2 - 34*x - 11. Let l be p(9). List the prime factors of ((-4)/6)/(l*(-2)/5145).
5, 7
Let k(z) = -13*z**2 + 17*z + 141. Let h be k(-8). Let x = -497 - h. List the prime factors of x.
2, 3, 5, 11
Let m(k) = -45